{"id":706,"date":"2023-04-04T19:11:12","date_gmt":"2023-04-04T17:11:12","guid":{"rendered":"https:\/\/www.wamis.org\/wamis\/?page_id=706"},"modified":"2023-06-15T16:10:27","modified_gmt":"2023-06-15T14:10:27","slug":"hungary","status":"publish","type":"page","link":"https:\/\/wamis.org\/wamis\/hungary\/","title":{"rendered":"Hungary"},"content":{"rendered":"<p><strong>Various Agrometeorological Products<\/strong><\/p>\n<p>Hungarian Meteorological Service<br \/>\n<strong><a href=\"http:\/\/www.met.hu\/idojaras\/agrometeorologia\/\" target=\"_blank\" rel=\"noopener\">Agrometeorological Web Page<\/a><\/strong><\/p>\n<p>The\u00a0<a href=\"http:\/\/www.met.hu\/\" target=\"_blank\" rel=\"noopener\"><strong>Hungarian Meteorological Service (OMSZ)<\/strong><\/a>\u00a0provides the following agrometeorological and climate products. There is an agrometeorological review done during the main growing season from March to September.<\/p>\n<p><strong>These products include (in Hungarian only):<\/strong><\/p>\n<ul>\n<li><strong><a href=\"http:\/\/www.met.hu\/idojaras\/agrometeorologia\/talaj\/\" target=\"_blank\" rel=\"noopener\">Agromet Analysis (Elemz\u00e9s)<\/a><\/strong><\/li>\n<li><strong><a href=\"http:\/\/www.met.hu\/idojaras\/agrometeorologia\/talaj\/\" target=\"_blank\" rel=\"noopener\">Soil moisture and temperature Maps (Talajnedvesseg, hom\u00e9rs\u00e9klet)<\/a><\/strong><\/li>\n<li><strong><a href=\"http:\/\/www.met.hu\/idojaras\/agrometeorologia\/vegetacios_index\/\" target=\"_blank\" rel=\"noopener\">Vegetation Index (NDVI) (Veget\u00e1ci\u00f3s index)<\/a><\/strong><\/li>\n<li><strong><a href=\"http:\/\/www.met.hu\/idojaras\/agrometeorologia\/homerseklet\/\" target=\"_blank\" rel=\"noopener\">Temperature Maps with averages and anomalies for the past 90 days (Hom\u00e9rs\u00e9klet)<\/a><\/strong><\/li>\n<li><strong><a href=\"http:\/\/www.met.hu\/idojaras\/agrometeorologia\/csapadek\/\" target=\"_blank\" rel=\"noopener\">Precipitation Maps with summaries and anomalies for the past 90 days (Csapad\u00e9kosszeg)<\/a><\/strong><\/li>\n<li><strong><a href=\"http:\/\/www.met.hu\/idojaras\/agrometeorologia\/napfenytartam\/\" target=\"_blank\" rel=\"noopener\">Sunshine duration with summaries and anomalies for the past 90 days (Napf\u00e9nytartam)<\/a><\/strong><\/li>\n<li><strong><a href=\"http:\/\/www.met.hu\/idojaras\/agrometeorologia\/aszalyinfo\/\" target=\"_blank\" rel=\"noopener\">Dew Information only during growing season (Asz\u00e1ly inform\u00e1ci\u00f3k)<\/a><\/strong><\/li>\n<li><strong><a href=\"http:\/\/www.met.hu\/idojaras\/agrometeorologia\/elorejelzesek\/\" target=\"_blank\" rel=\"noopener\">Forecast Maps with 1 to 5 day soil temperature, air temperature, rainfall, wind and relative humidity for the next 10 days (Elorejelz\u00e9si t\u00e9rk\u00e9pek)<\/a><\/strong><\/li>\n<li><strong><a href=\"http:\/\/www.met.hu\/ismertetok\/Novenyfenologiai_utmutato.pdf\" target=\"_blank\" rel=\"noopener\">Plant Phenological Guide (N\u00f6v\u00e9nyfenol\u00f3giai \u00fatmutat\u00f3)<\/a><\/strong><\/li>\n<\/ul>\n","protected":false},"excerpt":{"rendered":"<p>Various Agrometeorological Products Hungarian Meteorological Service Agrometeorological Web Page The\u00a0Hungarian Meteorological Service (OMSZ)\u00a0provides the following agrometeorological and climate products. There is an agrometeorological review done during the main growing season from March to September. These products include (in Hungarian only): Agromet Analysis (Elemz\u00e9s) Soil moisture and temperature Maps (Talajnedvesseg, hom\u00e9rs\u00e9klet) Vegetation Index (NDVI) (Veget\u00e1ci\u00f3s index) [&hellip;]<\/p>\n","protected":false},"author":1,"featured_media":0,"parent":0,"menu_order":0,"comment_status":"closed","ping_status":"closed","template":"","meta":{"_acf_changed":false,"footnotes":""},"class_list":["post-706","page","type-page","status-publish","hentry"],"acf":[],"yoast_head":"<!-- This site is optimized with the Yoast SEO plugin v23.3 - https:\/\/yoast.com\/wordpress\/plugins\/seo\/ -->\n<title>Hungary - Wamis<\/title>\n<meta name=\"robots\" content=\"index, follow, max-snippet:-1, max-image-preview:large, max-video-preview:-1\" \/>\n<link rel=\"canonical\" href=\"https:\/\/wamis.org\/wamis\/hungary\/\" \/>\n<meta property=\"og:locale\" content=\"en_US\" \/>\n<meta property=\"og:type\" content=\"article\" \/>\n<meta property=\"og:title\" content=\"Hungary - Wamis\" \/>\n<meta property=\"og:description\" content=\"Various Agrometeorological Products Hungarian Meteorological Service Agrometeorological Web Page The\u00a0Hungarian Meteorological Service (OMSZ)\u00a0provides the following agrometeorological and climate products. There is an agrometeorological review done during the main growing season from March to September. These products include (in Hungarian only): Agromet Analysis (Elemz\u00e9s) Soil moisture and temperature Maps (Talajnedvesseg, hom\u00e9rs\u00e9klet) Vegetation Index (NDVI) (Veget\u00e1ci\u00f3s index) [&hellip;]\" \/>\n<meta property=\"og:url\" content=\"https:\/\/wamis.org\/wamis\/hungary\/\" \/>\n<meta property=\"og:site_name\" content=\"Wamis\" \/>\n<meta property=\"article:modified_time\" content=\"2023-06-15T14:10:27+00:00\" \/>\n<meta name=\"twitter:card\" content=\"summary_large_image\" \/>\n<meta name=\"twitter:label1\" content=\"Est. reading time\" \/>\n\t<meta name=\"twitter:data1\" content=\"1 minute\" \/>\n<script type=\"application\/ld+json\" class=\"yoast-schema-graph\">{\"@context\":\"https:\/\/schema.org\",\"@graph\":[{\"@type\":\"WebPage\",\"@id\":\"https:\/\/wamis.org\/wamis\/hungary\/\",\"url\":\"https:\/\/wamis.org\/wamis\/hungary\/\",\"name\":\"Hungary - Wamis\",\"isPartOf\":{\"@id\":\"https:\/\/www.wamis.org\/#website\"},\"datePublished\":\"2023-04-04T17:11:12+00:00\",\"dateModified\":\"2023-06-15T14:10:27+00:00\",\"inLanguage\":\"en-US\",\"potentialAction\":[{\"@type\":\"ReadAction\",\"target\":[\"https:\/\/wamis.org\/wamis\/hungary\/\"]}]},{\"@type\":\"WebSite\",\"@id\":\"https:\/\/www.wamis.org\/#website\",\"url\":\"https:\/\/www.wamis.org\/\",\"name\":\"Wamis\",\"description\":\"World AgroMeteorological Information Service\",\"publisher\":{\"@id\":\"https:\/\/www.wamis.org\/#organization\"},\"potentialAction\":[{\"@type\":\"SearchAction\",\"target\":{\"@type\":\"EntryPoint\",\"urlTemplate\":\"https:\/\/www.wamis.org\/?s={search_term_string}\"},\"query-input\":\"required name=search_term_string\"}],\"inLanguage\":\"en-US\"},{\"@type\":\"Organization\",\"@id\":\"https:\/\/www.wamis.org\/#organization\",\"name\":\"Wamis\",\"url\":\"https:\/\/www.wamis.org\/\",\"logo\":{\"@type\":\"ImageObject\",\"inLanguage\":\"en-US\",\"@id\":\"https:\/\/www.wamis.org\/#\/schema\/logo\/image\/\",\"url\":\"https:\/\/wamis.org\/wamis\/wp-content\/uploads\/2022\/08\/wamis_logo.gif\",\"contentUrl\":\"https:\/\/wamis.org\/wamis\/wp-content\/uploads\/2022\/08\/wamis_logo.gif\",\"width\":100,\"height\":100,\"caption\":\"Wamis\"},\"image\":{\"@id\":\"https:\/\/www.wamis.org\/#\/schema\/logo\/image\/\"}}]}<\/script>\n<!-- \/ Yoast SEO plugin. -->","yoast_head_json":{"title":"Hungary - Wamis","robots":{"index":"index","follow":"follow","max-snippet":"max-snippet:-1","max-image-preview":"max-image-preview:large","max-video-preview":"max-video-preview:-1"},"canonical":"https:\/\/wamis.org\/wamis\/hungary\/","og_locale":"en_US","og_type":"article","og_title":"Hungary - Wamis","og_description":"Various Agrometeorological Products Hungarian Meteorological Service Agrometeorological Web Page The\u00a0Hungarian Meteorological Service (OMSZ)\u00a0provides the following agrometeorological and climate products. There is an agrometeorological review done during the main growing season from March to September. These products include (in Hungarian only): Agromet Analysis (Elemz\u00e9s) Soil moisture and temperature Maps (Talajnedvesseg, hom\u00e9rs\u00e9klet) Vegetation Index (NDVI) (Veget\u00e1ci\u00f3s index) [&hellip;]","og_url":"https:\/\/wamis.org\/wamis\/hungary\/","og_site_name":"Wamis","article_modified_time":"2023-06-15T14:10:27+00:00","twitter_card":"summary_large_image","twitter_misc":{"Est. reading time":"1 minute"},"schema":{"@context":"https:\/\/schema.org","@graph":[{"@type":"WebPage","@id":"https:\/\/wamis.org\/wamis\/hungary\/","url":"https:\/\/wamis.org\/wamis\/hungary\/","name":"Hungary - Wamis","isPartOf":{"@id":"https:\/\/www.wamis.org\/#website"},"datePublished":"2023-04-04T17:11:12+00:00","dateModified":"2023-06-15T14:10:27+00:00","inLanguage":"en-US","potentialAction":[{"@type":"ReadAction","target":["https:\/\/wamis.org\/wamis\/hungary\/"]}]},{"@type":"WebSite","@id":"https:\/\/www.wamis.org\/#website","url":"https:\/\/www.wamis.org\/","name":"Wamis","description":"World AgroMeteorological Information Service","publisher":{"@id":"https:\/\/www.wamis.org\/#organization"},"potentialAction":[{"@type":"SearchAction","target":{"@type":"EntryPoint","urlTemplate":"https:\/\/www.wamis.org\/?s={search_term_string}"},"query-input":"required name=search_term_string"}],"inLanguage":"en-US"},{"@type":"Organization","@id":"https:\/\/www.wamis.org\/#organization","name":"Wamis","url":"https:\/\/www.wamis.org\/","logo":{"@type":"ImageObject","inLanguage":"en-US","@id":"https:\/\/www.wamis.org\/#\/schema\/logo\/image\/","url":"https:\/\/wamis.org\/wamis\/wp-content\/uploads\/2022\/08\/wamis_logo.gif","contentUrl":"https:\/\/wamis.org\/wamis\/wp-content\/uploads\/2022\/08\/wamis_logo.gif","width":100,"height":100,"caption":"Wamis"},"image":{"@id":"https:\/\/www.wamis.org\/#\/schema\/logo\/image\/"}}]}},"_links":{"self":[{"href":"https:\/\/wamis.org\/wamis\/wp-json\/wp\/v2\/pages\/706","targetHints":{"allow":["GET"]}}],"collection":[{"href":"https:\/\/wamis.org\/wamis\/wp-json\/wp\/v2\/pages"}],"about":[{"href":"https:\/\/wamis.org\/wamis\/wp-json\/wp\/v2\/types\/page"}],"author":[{"embeddable":true,"href":"https:\/\/wamis.org\/wamis\/wp-json\/wp\/v2\/users\/1"}],"replies":[{"embeddable":true,"href":"https:\/\/wamis.org\/wamis\/wp-json\/wp\/v2\/comments?post=706"}],"version-history":[{"count":2,"href":"https:\/\/wamis.org\/wamis\/wp-json\/wp\/v2\/pages\/706\/revisions"}],"predecessor-version":[{"id":13232,"href":"https:\/\/wamis.org\/wamis\/wp-json\/wp\/v2\/pages\/706\/revisions\/13232"}],"wp:attachment":[{"href":"https:\/\/wamis.org\/wamis\/wp-json\/wp\/v2\/media?parent=706"}],"curies":[{"name":"wp","href":"https:\/\/api.w.org\/{rel}","templated":true}]}}