{"id":361,"date":"2023-03-13T13:10:23","date_gmt":"2023-03-13T11:10:23","guid":{"rendered":"https:\/\/www.wamis.org\/wamis\/?page_id=361"},"modified":"2023-06-07T15:52:51","modified_gmt":"2023-06-07T13:52:51","slug":"brazil","status":"publish","type":"page","link":"https:\/\/wamis.org\/wamis\/brazil\/","title":{"rendered":"Brazil"},"content":{"rendered":"<p><strong>The following products or bulletins are provided by institutions or organizations in Brazil:<\/strong><\/p>\n<ul>\n<li>The\u00a0National Institute of Meteorology (Instituto Nacional de Meteorologia &#8211; INMET) provides various agrometeorological products on their website including: climatic and crop water balances, an agroclimatological bulletin, crop productivity estimates, climatic disease risks, monthly livestock thermal comfort index, and estimates of monthly milk production loss.<\/li>\n<li>The\u00a0Agritempo &#8211; Agrometeorological Monitoring System\u00a0provides many agrometeorological products for Brazil at national, regional, state, and local level.<\/li>\n<\/ul>\n<p>&nbsp;<\/p>\n<p><b><a href=\"http:\/\/www.inmet.gov.br\/\" target=\"_blank\" rel=\"noopener\">Agrometeorology section of INMET<\/a><\/b><\/p>\n<p>The agromet division of the\u00a0<strong><a href=\"http:\/\/www.inmet.gov.br\/\" target=\"_blank\" rel=\"noopener\">National Institute of Meteorology (Instituto Nacional de Meteorologia &#8211; INMET)<\/a><\/strong>\u00a0is active in two sections of Agriculture and Livestock. These sections each produce relevant information and statistics.<\/p>\n<p><strong>Information and Products provided include (in Portuguese only):<\/strong><\/p>\n<ul>\n<li style=\"list-style-type: none;\">\n<ul>\n<li>Agriculture\n<ul>\n<li><strong><a href=\"http:\/\/www.inmet.gov.br\/portal\/index.php?r=agrometeorologia\/balancoHidricoClimatico\" target=\"_blank\" rel=\"noopener\">Climatic Water Balance<\/a><\/strong>\u00a0(Balan\u00e7o H\u00eddrico Clim\u00e1tico)<\/li>\n<li><strong><a href=\"http:\/\/www.inmet.gov.br\/portal\/index.php?r=agrometeorologia\/boletimAgroclimatologico\" target=\"_blank\" rel=\"noopener\">Agroclimatological Bulletin<\/a><\/strong>\u00a0(Boletim Agroclimatol\u00f3gico)<\/li>\n<li><strong><a href=\"http:\/\/www.inmet.gov.br\/portal\/index.php?r=agrometeorologia\/estimativaProdutividade\" target=\"_blank\" rel=\"noopener\">Crop Productivity Estimates\u00a0<\/a><\/strong>(Estimativa de Produtividade)<\/li>\n<li><strong><a href=\"http:\/\/www.inmet.gov.br\/portal\/index.php?r=agrometeorologia\/riscoClimaticoDoenca\" target=\"_blank\" rel=\"noopener\">Climate Disease Risks<\/a><\/strong>\u00a0(Risco Clim\u00e1tico de Doen\u00e7as)<\/li>\n<\/ul>\n<\/li>\n<\/ul>\n<\/li>\n<\/ul>\n<p>&nbsp;<\/p>\n<ul>\n<li>Livestock\n<ul>\n<li><strong><a href=\"http:\/\/www.inmet.gov.br\/agrometeorologia\/IndProd.php\" target=\"_blank\" rel=\"noopener\">Monthly Livestock Thermal Comfort Index\u00a0<\/a><\/strong>(Pecu\u00e1ria &#8211; \u00cdndice de Conforto T\u00e9rmico)<\/li>\n<li><strong><a href=\"http:\/\/www.inmet.gov.br\/agrometeorologia\/IndProdLeite15.php\" target=\"_blank\" rel=\"noopener\">Estimate of Monthly Milk Production Losses<\/a><\/strong>\u00a0(Pecu\u00e1ria &#8211; Perda na Produ\u00e7\u00e3o Leiteira)<\/li>\n<\/ul>\n<\/li>\n<\/ul>\n<p>&nbsp;<\/p>\n<p><b><a href=\"http:\/\/www.agritempo.gov.br\/\" target=\"_blank\" rel=\"noopener\">Agritempo Home Page<\/a><\/b><\/p>\n<p>The Agrometeorological Monitoring System of Agritempo website allows users to access meteorological and agrometeorological information of Brazilian cities and states. Besides providing information on the current climatic situation, the system feeds the National Agrometeorological Network of\u00a0<a href=\"https:\/\/www.gov.br\/pt-br\/orgaos\/ministerio-da-agricultura-pecuaria-e-abastecimento\" target=\"_blank\" rel=\"noopener\"><strong>Brazilian Ministry of Agriculture, Livestock and Supply<\/strong><\/a>\u00a0or\u00a0<a href=\"https:\/\/www.gov.br\/pt-br\/orgaos\/ministerio-da-agricultura-pecuaria-e-abastecimento\" target=\"_blank\" rel=\"noopener\"><strong>Ministerio da Agricultura, Pecuaria e Abastecimento (MAPA)<\/strong><\/a>\u00a0with basic information on Brazilian agricultural zoning. The system users to access daily climatic data (temperature and precipitation), agrometeorological bulletins and maps that are dynamically generated. Data from 1200 agrometeorological stations from various institutions and different formats are processed and quality controlled before inputted into a central data base. Through the main web page, one can access\u00a0<b>regional and state level agrometeorological bulletins.<\/b><\/p>\n<p><strong>Information and Products provided include (in Portuguese only):<\/strong><\/p>\n<ul>\n<li><strong><a href=\"http:\/\/www.agritempo.gov.br\/\" target=\"_blank\" rel=\"noopener\">Agritempo weekly bulletins and monitoring maps<\/a><\/strong>\u00a0On the right hand side, click on the map of Brazil to access regional agrometeorological weekly bulletins.<br \/>\nOn the right hand side, again, click on the state abbreviation to access monitoring maps on drought and 48hr weather of the state, as well as 4-day weather forecast for the state&#8217;s capital city.<\/li>\n<li><strong><a href=\"https:\/\/www.agritempo.gov.br\/agritempo\/mudancasClimaticas.jsp\" target=\"_blank\" rel=\"noopener\">Climate Change Maps<\/a><\/strong><\/li>\n<li><strong><a href=\"https:\/\/www.bdpa.cnptia.embrapa.br\/consulta\/\" target=\"_blank\" rel=\"noopener\">Climate Change Publications from Brazil<\/a><\/strong><\/li>\n<li><strong><a href=\"http:\/\/www.agritempo.gov.br\/climaeagricultura\/\" target=\"_blank\" rel=\"noopener\">Section on Global Warming and Brazilian Agriculture Production<\/a><\/strong><\/li>\n<\/ul>\n","protected":false},"excerpt":{"rendered":"<p>The following products or bulletins are provided by institutions or organizations in Brazil: The\u00a0National Institute of Meteorology (Instituto Nacional de Meteorologia &#8211; INMET) provides various agrometeorological products on their website including: climatic and crop water balances, an agroclimatological bulletin, crop productivity estimates, climatic disease risks, monthly livestock thermal comfort index, and estimates of monthly milk [&hellip;]<\/p>\n","protected":false},"author":1,"featured_media":0,"parent":0,"menu_order":0,"comment_status":"closed","ping_status":"closed","template":"","meta":{"_acf_changed":false,"footnotes":""},"class_list":["post-361","page","type-page","status-publish","hentry"],"acf":[],"yoast_head":"<!-- This site is optimized with the Yoast SEO plugin v23.3 - https:\/\/yoast.com\/wordpress\/plugins\/seo\/ -->\n<title>Brazil - Wamis<\/title>\n<meta name=\"robots\" content=\"index, follow, max-snippet:-1, max-image-preview:large, max-video-preview:-1\" \/>\n<link rel=\"canonical\" href=\"https:\/\/wamis.org\/wamis\/brazil\/\" \/>\n<meta property=\"og:locale\" content=\"en_US\" \/>\n<meta property=\"og:type\" content=\"article\" \/>\n<meta property=\"og:title\" content=\"Brazil - Wamis\" \/>\n<meta property=\"og:description\" content=\"The following products or bulletins are provided by institutions or organizations in Brazil: The\u00a0National Institute of Meteorology (Instituto Nacional de Meteorologia &#8211; INMET) provides various agrometeorological products on their website including: climatic and crop water balances, an agroclimatological bulletin, crop productivity estimates, climatic disease risks, monthly livestock thermal comfort index, and estimates of monthly milk [&hellip;]\" \/>\n<meta property=\"og:url\" content=\"https:\/\/wamis.org\/wamis\/brazil\/\" \/>\n<meta property=\"og:site_name\" content=\"Wamis\" \/>\n<meta property=\"article:modified_time\" content=\"2023-06-07T13:52:51+00:00\" \/>\n<meta name=\"twitter:card\" content=\"summary_large_image\" \/>\n<meta name=\"twitter:label1\" content=\"Est. reading time\" \/>\n\t<meta name=\"twitter:data1\" content=\"2 minutes\" \/>\n<script type=\"application\/ld+json\" class=\"yoast-schema-graph\">{\"@context\":\"https:\/\/schema.org\",\"@graph\":[{\"@type\":\"WebPage\",\"@id\":\"https:\/\/wamis.org\/wamis\/brazil\/\",\"url\":\"https:\/\/wamis.org\/wamis\/brazil\/\",\"name\":\"Brazil - Wamis\",\"isPartOf\":{\"@id\":\"https:\/\/www.wamis.org\/#website\"},\"datePublished\":\"2023-03-13T11:10:23+00:00\",\"dateModified\":\"2023-06-07T13:52:51+00:00\",\"inLanguage\":\"en-US\",\"potentialAction\":[{\"@type\":\"ReadAction\",\"target\":[\"https:\/\/wamis.org\/wamis\/brazil\/\"]}]},{\"@type\":\"WebSite\",\"@id\":\"https:\/\/www.wamis.org\/#website\",\"url\":\"https:\/\/www.wamis.org\/\",\"name\":\"Wamis\",\"description\":\"World AgroMeteorological Information Service\",\"publisher\":{\"@id\":\"https:\/\/www.wamis.org\/#organization\"},\"potentialAction\":[{\"@type\":\"SearchAction\",\"target\":{\"@type\":\"EntryPoint\",\"urlTemplate\":\"https:\/\/www.wamis.org\/?s={search_term_string}\"},\"query-input\":\"required name=search_term_string\"}],\"inLanguage\":\"en-US\"},{\"@type\":\"Organization\",\"@id\":\"https:\/\/www.wamis.org\/#organization\",\"name\":\"Wamis\",\"url\":\"https:\/\/www.wamis.org\/\",\"logo\":{\"@type\":\"ImageObject\",\"inLanguage\":\"en-US\",\"@id\":\"https:\/\/www.wamis.org\/#\/schema\/logo\/image\/\",\"url\":\"https:\/\/wamis.org\/wamis\/wp-content\/uploads\/2022\/08\/wamis_logo.gif\",\"contentUrl\":\"https:\/\/wamis.org\/wamis\/wp-content\/uploads\/2022\/08\/wamis_logo.gif\",\"width\":100,\"height\":100,\"caption\":\"Wamis\"},\"image\":{\"@id\":\"https:\/\/www.wamis.org\/#\/schema\/logo\/image\/\"}}]}<\/script>\n<!-- \/ Yoast SEO plugin. -->","yoast_head_json":{"title":"Brazil - Wamis","robots":{"index":"index","follow":"follow","max-snippet":"max-snippet:-1","max-image-preview":"max-image-preview:large","max-video-preview":"max-video-preview:-1"},"canonical":"https:\/\/wamis.org\/wamis\/brazil\/","og_locale":"en_US","og_type":"article","og_title":"Brazil - Wamis","og_description":"The following products or bulletins are provided by institutions or organizations in Brazil: The\u00a0National Institute of Meteorology (Instituto Nacional de Meteorologia &#8211; INMET) provides various agrometeorological products on their website including: climatic and crop water balances, an agroclimatological bulletin, crop productivity estimates, climatic disease risks, monthly livestock thermal comfort index, and estimates of monthly milk [&hellip;]","og_url":"https:\/\/wamis.org\/wamis\/brazil\/","og_site_name":"Wamis","article_modified_time":"2023-06-07T13:52:51+00:00","twitter_card":"summary_large_image","twitter_misc":{"Est. reading time":"2 minutes"},"schema":{"@context":"https:\/\/schema.org","@graph":[{"@type":"WebPage","@id":"https:\/\/wamis.org\/wamis\/brazil\/","url":"https:\/\/wamis.org\/wamis\/brazil\/","name":"Brazil - Wamis","isPartOf":{"@id":"https:\/\/www.wamis.org\/#website"},"datePublished":"2023-03-13T11:10:23+00:00","dateModified":"2023-06-07T13:52:51+00:00","inLanguage":"en-US","potentialAction":[{"@type":"ReadAction","target":["https:\/\/wamis.org\/wamis\/brazil\/"]}]},{"@type":"WebSite","@id":"https:\/\/www.wamis.org\/#website","url":"https:\/\/www.wamis.org\/","name":"Wamis","description":"World AgroMeteorological Information Service","publisher":{"@id":"https:\/\/www.wamis.org\/#organization"},"potentialAction":[{"@type":"SearchAction","target":{"@type":"EntryPoint","urlTemplate":"https:\/\/www.wamis.org\/?s={search_term_string}"},"query-input":"required name=search_term_string"}],"inLanguage":"en-US"},{"@type":"Organization","@id":"https:\/\/www.wamis.org\/#organization","name":"Wamis","url":"https:\/\/www.wamis.org\/","logo":{"@type":"ImageObject","inLanguage":"en-US","@id":"https:\/\/www.wamis.org\/#\/schema\/logo\/image\/","url":"https:\/\/wamis.org\/wamis\/wp-content\/uploads\/2022\/08\/wamis_logo.gif","contentUrl":"https:\/\/wamis.org\/wamis\/wp-content\/uploads\/2022\/08\/wamis_logo.gif","width":100,"height":100,"caption":"Wamis"},"image":{"@id":"https:\/\/www.wamis.org\/#\/schema\/logo\/image\/"}}]}},"_links":{"self":[{"href":"https:\/\/wamis.org\/wamis\/wp-json\/wp\/v2\/pages\/361","targetHints":{"allow":["GET"]}}],"collection":[{"href":"https:\/\/wamis.org\/wamis\/wp-json\/wp\/v2\/pages"}],"about":[{"href":"https:\/\/wamis.org\/wamis\/wp-json\/wp\/v2\/types\/page"}],"author":[{"embeddable":true,"href":"https:\/\/wamis.org\/wamis\/wp-json\/wp\/v2\/users\/1"}],"replies":[{"embeddable":true,"href":"https:\/\/wamis.org\/wamis\/wp-json\/wp\/v2\/comments?post=361"}],"version-history":[{"count":2,"href":"https:\/\/wamis.org\/wamis\/wp-json\/wp\/v2\/pages\/361\/revisions"}],"predecessor-version":[{"id":13025,"href":"https:\/\/wamis.org\/wamis\/wp-json\/wp\/v2\/pages\/361\/revisions\/13025"}],"wp:attachment":[{"href":"https:\/\/wamis.org\/wamis\/wp-json\/wp\/v2\/media?parent=361"}],"curies":[{"name":"wp","href":"https:\/\/api.w.org\/{rel}","templated":true}]}}